rime factors of 113169945?
3, 5, 7, 61, 17669
List the prime factors of 45094497.
3, 7, 479, 4483
List the prime factors of 289089062.
2, 1259, 114809
List the prime factors of 301581558.
2, 3, 173, 96847
List the prime factors of 11272624.
2, 11, 19, 3371
List the prime factors of 403293732.
2, 3, 43, 229, 3413
What are the prime factors of 1891301641?
1891301641
What are the prime factors of 955155329?
311, 3071239
List the prime factors of 521480020.
2, 5, 26074001
List the prime factors of 1200343702.
2, 149, 191, 21089
List the prime factors of 79763752.
2, 59, 168991
What are the prime factors of 53655785?
5, 1583, 6779
What are the prime factors of 56792642?
2, 1151, 24671
List the prime factors of 302854009.
1123, 269683
What are the prime factors of 4509845543?
7, 23, 28011463
What are the prime factors of 2642341417?
2642341417
List the prime factors of 38139112.
2, 11, 433399
List the prime factors of 368731141.
10607, 34763
What are the prime factors of 1857751495?
5, 53, 2609, 2687
List the prime factors of 223878799.
223878799
List the prime factors of 2814697101.
3, 7507, 124981
List the prime factors of 196389456.
2, 3, 23, 177889
What are the prime factors of 142345498?
2, 83, 109, 7867
List the prime factors of 952017238.
2, 17, 28000507
List the prime factors of 3717606.
2, 3, 47, 13183
List the prime factors of 73201689.
3, 11, 463, 1597
List the prime factors of 400318591.
353, 1134047
What are the prime factors of 57788522?
2, 11, 2626751
List the prime factors of 21999294.
2, 3, 647, 1889
What are the prime factors of 229351934?
2, 7, 16382281
What are the prime factors of 3605183458?
2, 1802591729
What are the prime factors of 10832127?
3, 3610709
What are the prime factors of 22815985?
5, 4563197
What are the prime factors of 2885853680?
2, 5, 36073171
What are the prime factors of 55259576?
2, 563, 12269
What are the prime factors of 6813791973?
3, 14083, 53759
List the prime factors of 1584627196.
2, 396156799
List the prime factors of 3515238258.
2, 3, 7, 23, 71, 107, 479
List the prime factors of 167646381.
3, 7, 7983161
What are the prime factors of 612746669?
13997, 43777
What are the prime factors of 763321658?
2, 11, 17, 2040967
What are the prime factors of 40385275?
5, 7, 230773
What are the prime factors of 29509094?
2, 41, 43, 8369
List the prime factors of 48049904.
2, 7, 429017
What are the prime factors of 18341143?
23, 113, 7057
List the prime factors of 1571402540.
2, 5, 409, 192103
What are the prime factors of 461726622?
2, 3, 7, 1221499
List the prime factors of 170710697.
170710697
List the prime factors of 573144.
2, 3, 11, 13, 167
What are the prime factors of 1842853417?
1842853417
List the prime factors of 161989138.
2, 23, 503, 7001
List the prime factors of 32185013.
7, 701, 937
List the prime factors of 276259922.
2, 379, 364459
List the prime factors of 848400017.
29, 61, 479593
What are the prime factors of 31014743?
31014743
List the prime factors of 813297.
3, 17, 37, 431
What are the prime factors of 349206?
2, 3, 11, 13, 37
List the prime factors of 25412046.
2, 3, 11, 41, 9391
List the prime factors of 12661560.
2, 3, 5, 35171
List the prime factors of 4678462464.
2, 3, 13, 31, 3779
What are the prime factors of 129370356?
2, 3, 109, 32969
List the prime factors of 914851780.
2, 5, 45742589
List the prime factors of 142067219.
7, 137, 21163
List the prime factors of 924602399.
7, 71, 89, 20903
What are the prime factors of 1402359261?
3, 467453087
What are the prime factors of 153406273?
109, 1407397
What are the prime factors of 433252392?
2, 3, 47, 384089
List the prime factors of 1127595476.
2, 7, 991, 40637
List the prime factors of 169127852.
2, 151, 280013
List the prime factors of 555137835.
3, 5, 7, 211, 25057
What are the prime factors of 63189756?
2, 3, 7, 250753
List the prime factors of 137580820.
2, 5, 13, 529157
List the prime factors of 21151409.
1741, 12149
What are the prime factors of 91597846?
2, 4903, 9341
List the prime factors of 15356444.
2, 101, 38011
List the prime factors of 2597805125.
5, 373, 55717
List the prime factors of 2045324946.
2, 3, 7, 67, 726839
What are the prime factors of 134579135?
5, 26915827
List the prime factors of 1091869467.
3, 13, 149, 187897
List the prime factors of 665949240.
2, 3, 5, 11, 19, 53, 167
List the prime factors of 1239300875.
5, 9914407
List the prime factors of 1803887706.
2, 3, 31, 9698321
What are the prime factors of 1542816170?
2, 5, 7, 22040231
List the prime factors of 150453216.
2, 3, 43, 12149
What are the prime factors of 467861781?
3, 37, 4214971
What are the prime factors of 295609105?
5, 11, 727, 7393
What are the prime factors of 71155186?
2, 35577593
List the prime factors of 161534976.
2, 3, 52583
What are the prime factors of 2246710345?
5, 11, 173, 389, 607
What are the prime factors of 65612735?
5, 13122547
What are the prime factors of 99408220?
2, 5, 271, 18341
What are the prime factors of 3410411287?
67, 139, 366199
What are the prime factors of 705288311?
7, 13, 1107203
List the prime factors of 747386404.
2, 109, 1714189
List the prime factors of 1416211708.
2, 43, 47, 239, 733
List the prime factors of 6350748.
2, 3, 529229
List the prime factors of 36166091.
13, 109, 25523
What are the prime factors of 199145799?
3, 23, 233, 4129
What are the prime factors of 2903947923?
3, 37, 317, 82529
What are the prime factors of 356971791?
3, 11, 19, 89, 6397
What are the prime factors of 926454844?
2, 7, 33087673
List the prime factors of 3862668265.
5, 79, 113, 86539
What are the prime factors of 3322010225?
5, 877, 151517
List the prime factors of 2490829272.
2, 3, 11531617
What are the prime factors of 341820633?
3, 7, 11, 211, 7013
List the prime factors of 168830610.
2, 3, 5, 13, 193, 2243
What are the prime factors of 785730991?
23, 31, 1102007
List the prime factors of 1793638264.
2, 11, 20382253
What are the prime factors of 411860390?
2, 5, 67, 614717
List the prime factors of 14004316.
2, 113, 30983
List the prime factors of 100004696.
2, 11, 1136417
What are the prime factors of 4907835795?
3, 5, 23, 14225611
List the prime factors of 2043268320.
2, 3, 5, 199, 21391
What are the prime factors of 43597770?
2, 3, 5, 313, 4643
What are the prime factors of 754999805?
5, 7, 43, 239, 2099
What are the prime factors of 242160963?
3, 11, 7338211
List the prime factors of 313952910.
2, 3, 5, 10465097
What are the prime factors of 185188171?
7, 29, 139, 6563
What are the prime factors of 471348046?
2, 13, 109, 166319
List the prime factors of 740901428.
2, 19, 9748703
What are the prime factors of 100656682?
2, 7, 601, 1709
What are the prime factors of 322448699?
5827, 55337
What are the prime factors of 262848745?
5, 41, 71, 18059
What are the prime factors of 43270564?
2, 409, 26449
What are the prime factors of 19308458?
2, 13, 41, 59, 307
What are the prime factors of 3722256040?
2, 5, 93056401
List the prime factors of 1032328993.
43, 24007651
List the prime factors of 335821861.
401, 837461
What are the prime factors of 143995115?
5, 11, 2618093
What are the prime factors of 444543856?
2, 109, 254899
List the prime factors of 101045748.
2, 3, 661, 12739
What are the prime factors of 3118000515?
3, 5, 7, 17, 1746779
What are the prime factors of 2010820517?
23, 3801173
List the prime factors of 3831065325.
3, 5, 607, 28051
List the prime factors of 314304385.
5, 62860877
What are the prime factors of 64782849?
3, 227, 251, 379
List the prime factors of 886398199.
10987, 80677
List the prime factors of 26437456.
2, 41, 191, 211
List the prime factors of 2292924817.
29, 37, 73, 401
List the prime factors of 270481985.
5, 17, 29, 197, 557
What are the prime factors of 562424749?
10687, 52627
List the prime factors of 6135992663.
151, 40635713
What are the prime factors of 739871895?
3, 5, 7, 1429, 4931
What are the prime factors of 134246227?
134246227
What are the prime factors of 45649094?
2, 22824547
What are the prime factors of 6877405873?
13, 529031221
What are the prime factors of 4399258685?
5, 1669, 527173
List the prime factors of 127392485.
5, 11, 31, 74717
What are the prime factors of 945943617?
3, 4831, 65269
List the prime factors of 879620398.
2, 829, 530531
List the prime factor